ors of f(z)?
13
Let u(v) = 2*v**2 - 38*v - 431. Let l be u(28). Let a be ((-2)/(-3) + 0)*-18. Let p = a + l. What are the prime factors of p?
61
Suppose 26*n = 27*n + 531. Let s = -245 - n. Suppose 5*x - s = 259. List the prime factors of x.
109
Let d = 44582 + -22726. List the prime factors of d.
2, 683
Suppose 4718 = -18*k - 3562. Let o = 641 + k. What are the prime factors of o?
181
Let r(z) = -241*z - 3663. What are the prime factors of r(-52)?
7, 181
List the prime factors of 2/(-10) - 60389*42/(-490).
2, 647
Let u = -146 - -146. Suppose u = -12*j + 9*j + 195. List the prime factors of j.
5, 13
Let p(a) = 8*a**2 + 131*a - 88. What are the prime factors of p(-35)?
3, 1709
Suppose -29*d + 28*d = -5*r + 16, d - r + 8 = 0. List the prime factors of 877*(65/26 - (-9)/d).
877
Let f(v) = v**2 + 9*v + 4. Let t be f(-9). Suppose t*a + 7 - 3 = 0. Let j(i) = -129*i**3 - 3*i**2 + 1. List the prime factors of j(a).
127
Let x(q) = -356*q + 7194. What are the prime factors of x(-37)?
2, 17, 599
Let v(k) = -11*k**3 - 27*k**2 - 141*k - 15. List the prime factors of v(-11).
2, 5, 1291
Let t be ((-1)/8)/((-6)/(-12))*4. Let n = 2 + t. What are the prime factors of (n - (-13)/(-7))*(-175)/50?
3
Let j(s) = 11*s**2 - 114*s + 43311. List the prime factors of j(0).
3, 14437
Let v = 1805 - 1015. What are the prime factors of v?
2, 5, 79
Suppose h = -5*d + 14, h - 5 = 5*d - 21. Suppose 4*m - 1872 = -4*j, -530 = -d*j - 2*m + 878. List the prime factors of j.
2, 59
Suppose -6*h - 54 = -582. Suppose -h = 5*g - 248. Let k = g - -36. List the prime factors of k.
2, 17
Let n be 0*(30/(-5) - -5). Suppose n*h - 111 = -3*h. List the prime factors of h.
37
Suppose 7467*u + 18158 = 7474*u. What are the prime factors of u?
2, 1297
Suppose 725371 = 34*g - 610353. What are the prime factors of g?
2, 13, 1511
Let b be 22026/10*3 - 10/(-50). Suppose -34*n = -27*n - b. List the prime factors of n.
2, 59
Let f be ((-45)/2)/(-5)*(-200)/(-225). What are the prime factors of (f*18)/(2/28)?
2, 3, 7
Let n = -6581 - -7588. What are the prime factors of n?
19, 53
Let v = 108 + -188. Let b = v - -80. Suppose 3*k = -2*y + 24, -4*k = -b*y - 5*y + 83. List the prime factors of y.
3, 5
Suppose -6*i + 124 = -38. Suppose -12*h + i*h - 6975 = 0. List the prime factors of h.
3, 5, 31
Let b(p) = 75*p**2 + 41*p - 58. What are the prime factors of b(-8)?
2, 2207
Suppose -24*y + 113672 = 49616 - 429600. List the prime factors of y.
67, 307
Let g be (1 + 4)/5 + 1. Let q(s) = -2*s**3 + 6*s**2 - 14*s**g + 6*s**2. What are the prime factors of q(-3)?
2, 3
Let x(r) = 8*r - 15. Let a be x(5). Suppose -3*l - 2*u = -8 - 15, 3*l + u = a. Suppose -16 = -i + l. What are the prime factors of i?
5
Let y be ((-8)/(-6))/(0 + (-11)/198). Let o = 1117 - y. List the prime factors of o.
7, 163
Suppose 124*q = 289*q - 6161430. What are the prime factors of q?
2, 18671
Suppose -l + 146433 = 3*n, -2*l + l = -2*l. What are the prime factors of n?
7, 19, 367
Let q be 3*(-20)/(-12) - 3. Suppose -q*c = 70 - 800. Suppose 0 = y - 4*z - 163, c = 2*y + 11*z - 6*z. What are the prime factors of y?
5, 7
Let q(h) = 14*h - 2. Let p be q(1). Suppose -15*j + p = -11*j. Let u(c) = 6*c**2 - 4*c + 7. What are the prime factors of u(j)?
7
Let p be 25 + -29 + -1 + 1. What are the prime factors of (11124/(-15))/p + 4/(-10)?
5, 37
Suppose 0 = t, -5*t = -8*s + 3*s + 158561 - 50141. What are the prime factors of s?
2, 3, 13, 139
Let y = -39 + 38. Let j be (12/1)/(y + 148/140). Suppose 5*c - j = 200. What are the prime factors of c?
2, 41
Let q(t) = -240*t - 3871. List the prime factors of q(-44).
6689
Let v(p) = 25*p**2 - 2*p + 15. Let u(z) = -z**3 - 9*z**2 + 13*z + 27. Let g be u(-10). What are the prime factors of v(g)?
2, 3, 41
Suppose -45*a - 25398 = -62*a - 5440. List the prime factors of a.
2, 587
Suppose 3*z = -5*n - 1765 + 6451, 5*n - 2*z - 4701 = 0. List the prime factors of n.
3, 313
Let w = 6631 + -948. What are the prime factors of w?
5683
Suppose -13*b + 145 = z - 10*b, -2*b = -4*z + 594. Let a = -104 + z. What are the prime factors of a?
2, 11
Let k = 48 - 19. Suppose -2*j + 4*m = -m - 343, -3*m = -j + 171. Let z = j - k. What are the prime factors of z?
5, 29
Let x = 118 + -118. Suppose 5*z = -20, 5*p - p - z - 12 = x. Suppose -2*b = b + 3*k - 561, -4*k - 404 = -p*b. List the prime factors of b.
2, 3
List the prime factors of 79/(9875/(-10)) - 313352/(-25).
2, 3, 2089
Suppose -22966 + 220423 = 39*b. What are the prime factors of b?
61, 83
Let y = 236 + -227. Suppose -2*s + 2*k = 15 + 85, 4*s = 2*k - 190. Let f = y - s. List the prime factors of f.
2, 3
List the prime factors of ((165/8)/(-33) + (-3)/8)*-12994.
2, 73, 89
Let y be 66 + 0 + (-4)/((-16)/4). Suppose -60*b - 238 = -y*b. What are the prime factors of b?
2, 17
Let l(i) = 2*i**2 - 12*i + 42. Suppose -x - 27 = -3*u - 74, 0 = -2*u + 2*x - 38. List the prime factors of l(u).
2, 7, 43
Let q(g) = 7*g**2 + 9*g - 4. Suppose -87 = f + 3. Let j be f/(-27)*(-6)/5. List the prime factors of q(j).
2, 3
Suppose -23 = -q - 18. Suppose 2 = -a, 2*b - q*a - 171 = 179. List the prime factors of b.
2, 5, 17
Suppose 3*w + 3*m - 3039 = 0, 5*w + 5*m = 2*w + 3037. List the prime factors of w.
2, 3, 13
Suppose 0 = -49*c + 1029440 + 7351. What are the prime factors of c?
3, 2351
Let j(y) = -9*y + 12*y**3 - 24*y**3 + 23 + 11*y**3 + 8*y**2. Let s be j(7). Let v(g) = 6*g + 6. What are the prime factors of v(s)?
2, 3, 5
Let z be (3/9)/((-1)/(-6)) + 3. Suppose -4 = 3*n + z. List the prime factors of 4/(-6)*(n - 9).
2
List the prime factors of (175 - 176)*37137/(-2)*2.
3, 12379
What are the prime factors of (-15 - -15 - -7)*5/(35/1738)?
2, 11, 79
Let j be (-6)/4 - (4 + 6549/(-6)). Suppose 0 = 19*h - 16*h - j. What are the prime factors of h?
2, 181
Let b be (20067/(-9)*3)/(-1). Suppose -2471 - b = -10*a. List the prime factors of a.
2, 229
Let u(h) = -h**3 + 19*h**2 + 316*h - 36. What are the prime factors of u(25)?
2, 11, 17
Let l = 5525 + -4485. List the prime factors of l.
2, 5, 13
Let x(m) be the first derivative of -m**3/3 + m**2 + 3*m + 2. Let z be x(0). Suppose -4*r - 4*v = -81 + 5, -2*r + 35 = z*v. List the prime factors of r.
2, 11
Let d(x) = 500*x**2. Suppose -3*b - r - 2 = 0, -4*b + 0*r - 3 = r. Let v be d(b). Suppose -v = -11*u + 248. List the prime factors of u.
2, 17
Let c = 18987 - 11370. List the prime factors of c.
3, 2539
Suppose 0 = -18*i + 29*i + 44. What are the prime factors of (5 + i)*(398 - -4)?
2, 3, 67
Suppose 4*d = -117*d + 13157230 - 3079624. What are the prime factors of d?
2, 3, 7, 661
Let f(a) = 5*a - 68. Let y(r) be the first derivative of -r**2/2 + 17*r + 4. Let n(i) = 2*f(i) + 9*y(i). What are the prime factors of n(9)?
2, 13
Let r(w) = -w**3 - 20*w**2 - 24*w - 8. Let p be r(-18). Let b be (3/(-4))/(42/p). Suppose 6*m - 52 + b = 0. List the prime factors of m.
2
Let x be 5 + (-4)/1 + 9/3. Suppose 1141 = x*n + 3*n. What are the prime factors of n?
163
Let k = 565 - -7153. What are the prime factors of k?
2, 17, 227
Suppose -5*i = -r + 13382, -15*r = -13*r - 5*i - 26779. What are the prime factors of r?
13397
Suppose 16359 + 12625 = 3*o + 1906. List the prime factors of o.
2, 4513
Let l(f) = f**3 - 18*f**2 + 31*f - 220. Let b be l(17). Suppose -b*h - 8961 = -23*h + 3*u, -u - 3585 = -2*h. What are the prime factors of h?
2, 3, 13, 23
Let u be 4 - (5 + -1)/2. Suppose -y = 4*k - u*y - 2398, 602 = k + y. Suppose -c = n - 153, 4*c - n - k = -2*n. List the prime factors of c.
149
What are the prime factors of 1494575/125 + 9/(-15)*1?
2, 7, 61
Let x be (2*(-4)/(-8))/(-1). Let l be -96 - (4 - 5/5). What are the prime factors of l/6*x*4?
2, 3, 11
Let n(i) = 2*i**3 + 4*i - 2. Let c be n(1). What are the prime factors of 9*c/84 + (-8744)/(-14)?
5
Let k(p) = -5*p**2 - 4*p + 69. Suppose -3*u - 2 = -8. Let a(s) = -s**2 - s + 14. Let r(d) = u*k(d) - 11*a(d). List the prime factors of r(8).
2, 3
Let t be 72/108 - 10/6 - -177. Let p = 225 - t. List the prime factors of p.
7
Let y = 29584 - 16638. List the prime factors of y.
2, 6473
List the prime factors of 20*548/10*(244/16 + -9).
2, 5, 137
Let d(w) = 24*w + 102. Let q be d(-5). Let p be 5/10*(-222)/(-1). Let a = p + q. What are the prime factors of a?
3, 31
Let a = 1201 - -8419. Let n(f) = -9613 + a + 3*f**2 + 11*f - 2*f. List the 